are the prime factors of d(-10)?
3, 43
Suppose 3*d - 9 + 0 = 0. Let o(m) = 6*m**2 + m**2 + 3*m**2 - 4*m**2 - d - m**3 - 2*m. What are the prime factors of o(4)?
3, 7
List the prime factors of (-11484)/(-108) + 8/(-6).
3, 5, 7
Suppose 36 = 3*y - 24. Let d be 0 - ((-6)/(-2) - y). Let n = d + 12. What are the prime factors of n?
29
Let k(m) = -m**2 + 6*m + 2. Let a(p) = -p**2 - p. Let u(v) = -6*a(v) - k(v). What are the prime factors of u(2)?
2, 13
Suppose 2*s + 6*f - 9*f = 2603, 2*f - 6 = 0. What are the prime factors of s?
2, 653
Let b = 15 + -35. Let y = b - -28. Suppose -7*w + 2*w = -3*d - 97, y = -2*d. What are the prime factors of w?
17
Suppose -5*v + t = -0*t, -t + 8 = 3*v. Let p(y) = 270*y - 8. List the prime factors of p(v).
2, 131
Let c(z) = z**2 + 34*z + 1253. What are the prime factors of c(0)?
7, 179
Let o = 7 + -5. Suppose 2 = -2*r - 2*m + 4*m, o*r - 5*m - 7 = 0. List the prime factors of r/6 - 164/(-12).
13
Let t = 25 + -25. List the prime factors of -2*(-3 - (t + 2)).
2, 5
Let i = 1216 - 1044. List the prime factors of i.
2, 43
Let i = -24 - -24. Let x(a) = -2*a - 1. Let r be x(i). Let d = r - -9. What are the prime factors of d?
2
Suppose -3*g - 5797 = -4*q, 10*g = 4*q + 13*g - 5779. What are the prime factors of q?
1447
Suppose -7*r - 2577 = -10*r. List the prime factors of r.
859
Let k be 12/(-2)*33/(-6). Suppose -5*z - k = -4*q, -q + 4*z = -6*q - 10. Suppose 0*l - 4*l + 5*v = -83, 5*v = -l + q. What are the prime factors of l?
17
Suppose 26*w + 140 = 31*w. Let q = w - 36. Let j(i) = -8*i + 2. What are the prime factors of j(q)?
2, 3, 11
Let p = 48 - 148. Let f = p - -187. List the prime factors of f.
3, 29
What are the prime factors of ((-204)/(-24) + -13)/((-9)/2478)?
3, 7, 59
Let l(r) = -r**3 - 8*r**2 + 2*r + 1. Let d be l(-8). Let x = -12 - d. Suppose 0 = i - 2*t - 67, -182 = -x*i + 2*t + 3. List the prime factors of i.
59
Let i(p) = p**2 - 15*p - 137. List the prime factors of i(32).
11, 37
Let x(d) = -d**2 + 21*d - 56. Let s be x(18). What are the prime factors of (27/18)/(-1) - 543/s?
2, 3, 5
Suppose 0 = -3*m + 310 + 296. List the prime factors of m/8 - (-6)/(-24).
5
Suppose o + 5*q = 1513, 4*q = 20*o - 24*o + 6132. List the prime factors of o.
2, 769
Let q(t) = 7*t**2 - 8*t - 7. Let l be q(-5). What are the prime factors of (23*1/2)/(13/l)?
2, 23
Let j(v) = 11*v + 8. Let m be j(17). Suppose 5*q + 10 - m = 0. What are the prime factors of q?
37
List the prime factors of ((-6418)/10)/((-23)/115).
3209
List the prime factors of (165/20)/(10/1240).
3, 11, 31
List the prime factors of (31575/35)/5 - 6/14.
2, 3, 5
Suppose 5*j + 301 = 4*f, 0 = -3*f - 4*j + 16 + 171. Suppose -4*q - f = -h, 3*q - 221 - 55 = -4*h. What are the prime factors of h?
3, 23
Let s(o) be the third derivative of 11*o**4/24 - o**3 + 15*o**2. What are the prime factors of s(10)?
2, 13
List the prime factors of (524/(-8))/(2/(-4)).
131
Suppose 48*d - 3*x - 703 = 44*d, d + 5*x = 147. List the prime factors of d.
2, 43
Suppose 0 = g - 0 - 3. Suppose -r + g = -0. Suppose -r*u + 13 = -29. List the prime factors of u.
2, 7
Let c(b) = b - 6. Let p be c(4). Let l be ((-1)/p - -3)*2. Suppose 3*y - l - 2 = 0. List the prime factors of y.
3
Let x = 94 + 22. Let q = 276 - x. List the prime factors of q.
2, 5
Let m(x) be the third derivative of x**5/30 - 53*x**4/24 - 5*x**3/6 + 16*x**2. What are the prime factors of m(28)?
79
Let i = -40 - -42. Suppose 2*w - 140 = 2*r, -i*w = 3*r - 94 - 46. List the prime factors of w.
2, 5, 7
Suppose -7*l + 9576 + 1582 = 0. What are the prime factors of l?
2, 797
Suppose -24589 + 3451 = -26*w. List the prime factors of w.
3, 271
Let u be (-106)/(-22) + 8/44. Suppose -k + u*k = 36. Suppose 0 = -d - b + k, 3*d = -0*b - 4*b + 30. What are the prime factors of d?
2, 3
Let g = 11 + -7. Suppose -5*p + 119 = g*i, 9 = 2*i - 4*p - 31. What are the prime factors of i?
2, 13
Suppose -6 = 2*y + y + m, 4*m - 2 = y. Let j(v) = -7*v**3. What are the prime factors of j(y)?
2, 7
Suppose 3*a + 0*a - 327 = 0. Suppose 3*r + 554 = 5*g + r, g = r + a. What are the prime factors of g?
2, 7
Suppose -26 = y - 31. Suppose -4*o = -k - 48, 2*k - 41 = -y*o + 19. What are the prime factors of o?
2, 3
Let g = 0 + -3. Let u be -2*(-1 - 3 - g). Suppose u*j - 7 = -1. List the prime factors of j.
3
Let w(z) = -z - 10. Let a be w(-10). Suppose 3*b + 4*m - 11 - 106 = 0, -5*m = a. Let n = -8 + b. What are the prime factors of n?
31
Let a(g) = g**2 + 7*g - 5. Let t = 5 - 16. List the prime factors of a(t).
3, 13
Let o(j) = 3*j**2 + j - 2. Let n(c) = c - 3. Let m be n(1). Let b be o(m). Suppose -5*f = -2*t - 10, 3*f = b + 4. List the prime factors of t.
5
Let m(j) = 5*j + 3. Let n be m(-2). Let u(r) = r + 24. What are the prime factors of u(n)?
17
Let s(m) = -m**3 - 12*m**2 - 4*m + 12. List the prime factors of s(-12).
2, 3, 5
Suppose -276 = -4*y + 732. Suppose -2*k = -3*m + k + y, -k = m - 90. Suppose 3*n + 5*x = x + m, -4*n + 5*x = -116. What are the prime factors of n?
29
Suppose 41 = 3*l - c - 3*c, -4*c = 2*l - 14. Let p = l - 11. Suppose 3*a + p = 3, -2*a = -5*u + 193. List the prime factors of u.
3, 13
Suppose -5*r + 5*b = -200, 0*r - 3*b - 84 = -2*r. Let x = r - 17. Let h = x + 13. List the prime factors of h.
2
Suppose 3*d + 1 = 2*j - 2, -1 = d - j. Let h = 8 + d. Suppose h*u = 4*u + 117. List the prime factors of u.
3, 13
Let i be 2/(-3) + (-33)/(-9). Suppose 0 = -i*x + x + 4. Let w(d) = 2*d**2 + 4*d - 3. What are the prime factors of w(x)?
13
Let w(u) = 8*u**2 + 4*u + 2 - 2*u**3 + 1 + 3*u**3. Let p be -9 + ((-4)/(-2) - 0). List the prime factors of w(p).
2, 3
Suppose 0 = -5*a - 2*p + 446, -4*a + p + 347 + 15 = 0. Let f(i) = i - 2. Let n be f(7). Suppose 5*q = -n*g + a, 3*g = -2 - 7. List the prime factors of q.
3, 7
Let y(r) = -r. Let t be y(1). Let x be -2 + 1/1 + -2. List the prime factors of 13*(t + 2) + x.
2, 5
Let m = -150 + 62. List the prime factors of 1 - m - (4 + 0).
5, 17
Let h be (-523)/(-4) - 15/20. Let v = h + -89. List the prime factors of v.
41
Let t(n) = -n**3 + 13*n**2 - 18*n - 4. Let g be t(10). Let v = 230 - g. List the prime factors of v.
2, 3, 19
Let t be 13 - (3 - 6/2). Suppose -2*n = 2*z - 14, -2*z = 2*z - 4*n + 4. Suppose b - t = -z. What are the prime factors of b?
2, 5
Suppose 2*v - 35 = -3. Suppose 0 = 4*c - 8*c - v. List the prime factors of ((-37)/(-3))/(c/(-12)).
37
Let y(o) be the third derivative of -o**7/630 + o**6/720 + o**5/15 + 6*o**2. Let j(n) be the third derivative of y(n). List the prime factors of j(-3).
5
Let o be 5 - (3 - 0)/(-3). Suppose 76*z + 45 = 79*z. Let u = z - o. What are the prime factors of u?
3
Let i(f) = 71*f - 2. Let c be i(-1). Let u = 7 - c. Suppose -3*h - 4*q + u = -0*q, h + q - 28 = 0. List the prime factors of h.
2
Let y(z) = 2*z**2 - 10*z + 14. Let h = -63 - -57. List the prime factors of y(h).
2, 73
Suppose -7*y = 22 + 20. What are the prime factors of (-49 + -8 + y)*(-2)/6?
3, 7
What are the prime factors of -8*(4494/(-48) + -1)?
757
Suppose 3*l + 138 = 3. Let h be l/(-18)*4/(-5). List the prime factors of (6 + h + -3)*17.
17
Let c = -1168 - -1401. List the prime factors of c.
233
Let h be -3*(8/6)/(-1). Suppose h*p - 294 = -3*p. What are the prime factors of p?
2, 3, 7
Suppose 0 = -4*o - 5*b + 13757, -155*b = -2*o - 151*b + 6872. What are the prime factors of o?
2, 3, 191
Let r be 4/2 - 0/5. Let m(t) = 8*t - 9. Let w(j) = -9*j + 8. Let f(n) = -3*m(n) - 4*w(n). List the prime factors of f(r).
19
Suppose -1584 = -4*s - 0*j - 4*j, -j = -4. List the prime factors of s.
2, 7
Let a be (4/3)/((-2)/(-159)). Let b = -33 + a. List the prime factors of b.
73
Let t(m) = m - 1. Let n(i) = -17*i + 4. Let r(c) = -n(c) - 6*t(c). List the prime factors of r(10).
2, 7
Suppose 0 = -4*o + 3*v + 30, 5*v = 4*o + 3*v - 32. Suppose o*h = 11*h - 248. List the prime factors of h.
2, 31
Let a be -1 - 0 - (-14 - -25). Let x be (1 + 57)*a/8. Let k = x + 124. List the prime factors of k.
37
Suppose 6*g - 2124 = 3918. List the prime factors of g.
19, 53
Suppose -2*g - 2*o = -2, -4 = 2*g + o + 4*o. Suppose j = -j + 4*u - 164, -252 = g*j - 4*u. List the prime factors of j/5*(-10)/4.
2, 11
Suppose 0 = 10*m - 1120 - 5860. What are the prime factors of m?
2, 349
Suppose q = -2*p + 1663, 11*p = 2*q + 6*p - 3326. List the prime fact